 96 divide 11805014?
False
Is 1960 a factor of 605360000?
False
Is 1927 a factor of 1518443241?
True
Does 17 divide 44428059?
False
Does 1672 divide 33752664?
True
Is 228115100 a multiple of 49?
False
Is 17 a factor of 470176306?
False
Is 25986072 a multiple of 532?
True
Is 53 a factor of 119078891?
False
Does 7 divide 224531156?
False
Is 34040190 a multiple of 10?
True
Does 1025 divide 399593175?
True
Does 12 divide 10134706?
False
Is 28 a factor of 897505504?
True
Is 14 a factor of 40942892?
False
Does 94 divide 51324?
True
Does 87 divide 161589102?
True
Is 372753584 a multiple of 16?
True
Is 32 a factor of 2898421216?
True
Does 11 divide 18111115?
True
Is 24 a factor of 681927855?
False
Is 10 a factor of 668415660?
True
Is 36823202 a multiple of 26?
True
Does 7 divide 326356361?
False
Is 1807 a factor of 2319152906?
False
Is 715099677 a multiple of 288?
False
Is 21956400 a multiple of 684?
True
Does 10 divide 47612703?
False
Is 14 a factor of 2210835?
False
Does 1349 divide 698659241?
True
Is 1193 a factor of 32370862?
True
Is 1023 a factor of 26369494?
False
Is 28 a factor of 402582195?
False
Is 193 a factor of 189669206?
True
Is 646056 a multiple of 18?
True
Does 5910 divide 2161889430?
False
Does 207 divide 722472838?
False
Is 14 a factor of 54504827?
False
Is 89 a factor of 41765055?
False
Is 803 a factor of 199424247?
True
Is 2445832744 a multiple of 6?
False
Is 54 a factor of 51227316?
True
Does 8 divide 32462256?
True
Is 371 a factor of 2126108634?
False
Does 229 divide 12438759?
False
Is 374196394 a multiple of 258?
False
Is 741199128 a multiple of 842?
True
Is 593418 a multiple of 14?
True
Is 84 a factor of 13190772?
True
Is 3 a factor of 11687979?
True
Is 28009570 a multiple of 3288?
False
Is 29 a factor of 48398708?
False
Is 851 a factor of 529081498?
False
Is 106103580 a multiple of 12?
True
Is 19 a factor of 94018042?
True
Is 10840314 a multiple of 46?
True
Is 10 a factor of 66847190?
True
Is 3142790319 a multiple of 43?
False
Is 55579374 a multiple of 18?
True
Is 5421612 a multiple of 1659?
True
Is 4789977581 a multiple of 742?
False
Is 16771680 a multiple of 96?
True
Is 5274 a factor of 1080437263?
False
Is 8824610 a multiple of 43?
False
Does 73 divide 150049186?
False
Is 7 a factor of 11028931?
False
Does 5365 divide 1436004446?
False
Does 518 divide 119992628?
True
Does 1059 divide 180415988?
False
Does 381 divide 519755682?
False
Is 131 a factor of 105766696?
False
Is 252306684 a multiple of 4116?
True
Is 345744713 a multiple of 31?
False
Is 6380167 a multiple of 64?
False
Does 234 divide 32464224?
True
Is 52138370 a multiple of 15?
False
Is 27 a factor of 2665131552?
True
Is 395672550 a multiple of 955?
False
Does 6 divide 2586223?
False
Does 47 divide 88123963?
False
Is 13762290 a multiple of 42?
False
Does 67 divide 14215457?
True
Is 8943361 a multiple of 7?
True
Is 594208 a multiple of 599?
True
Does 644 divide 819927276?
True
Does 14 divide 822124352?
True
Is 18216198 a multiple of 34?
False
Does 424 divide 60655714?
False
Is 14 a factor of 410003899?
False
Is 61 a factor of 166960233?
True
Does 203 divide 156801955?
False
Is 106065986 a multiple of 72?
False
Is 158 a factor of 210476?
False
Is 6 a factor of 857114361?
False
Is 10 a factor of 37342870?
True
Is 2624 a factor of 308611264?
True
Is 632 a factor of 167766848?
False
Is 636 a factor of 31482000?
True
Is 486596929 a multiple of 2552?
False
Does 773 divide 9742119?
True
Is 79618075 a multiple of 25?
True
Does 2540 divide 1090196?
False
Is 235 a factor of 477692407?
False
Does 94 divide 1739952032?
True
Is 232547360 a multiple of 16?
True
Is 1952 a factor of 249515415?
False
Is 25332193 a multiple of 21?
False
Does 22 divide 1225392453?
False
Is 597379206 a multiple of 2612?
False
Is 13788 a factor of 6216430104?
True
Is 311061608 a multiple of 254?
True
Is 21 a factor of 72097116?
True
Is 124 a factor of 100606755?
False
Does 218 divide 272662628?
True
Is 182 a factor of 2868856958?
False
Is 8392246846 a multiple of 694?
False
Is 1348 a factor of 83638606?
False
Is 6525909 a multiple of 867?
True
Is 620813492 a multiple of 1846?
True
Is 77028390 a multiple of 9?
True
Is 1055 a factor of 30359690?
False
Is 388900610 a multiple of 191?
False
Does 114 divide 176062114?
False
Is 23 a factor of 83381049?
True
Is 35302033 a multiple of 23?
True
Is 1219289746 a multiple of 25?
False
Is 420 a factor of 2579145660?
True
Is 139475164 a multiple of 4?
True
Is 3806 a factor of 365220247?
False
Does 1262 divide 84506044?
True
Is 58 a factor of 93532250?
True
Does 2073 divide 66296613?
True
Is 94 a factor of 10913118?
True
Is 369 a factor of 223862337?
True
Is 3455107779 a multiple of 14080?
False
Does 7 divide 35648844?
True
Is 730 a factor of 53806736?
False
Is 5981442 a multiple of 6?
True
Is 1713 a factor of 4361298?
True
Is 441952420 a multiple of 2405?
True
Is 19 a factor of 757492133?
True
Does 25 divide 396741975?
True
Is 20 a factor of 456474380?
True
Does 3034 divide 87458084?
True
Is 19 a factor of 76420318?
True
Is 546074921 a multiple of 24?
False
Is 154 a factor of 46365909?
False
Is 13 a factor of 5489397122?
False
Does 133 divide 127494977?
False
Does 763 divide 362712651?
True
Is 1167174598 a multiple of 9538?
True
Is 391085296 a multiple of 2228?
True
Does 96 divide 908881631?
False
Is 15 a factor of 1985006576?
False
Is 756934165 a multiple of 97?
True
Is 985 a factor of 32867480?
True
Does 12 divide 3266939?
False
Is 220331310 a multiple of 106?
False
Does 419 divide 2055575871?
True
Is 30 a factor of 4253745?
False
Is 60367367 a multiple of 186?
False
Does 11 divide 619920302?
False
Is 888572046 a multiple of 7?
False
Does 1137 divide 39080964?
True
Is 81652798 a multiple of 5?
False
Is 432 a factor of 671863?
False
Does 52 divide 24400397?
False
Is 3 a factor of 973620?
True
Is 6710581 a multiple of 14?
False
Is 32 a factor of 8807037?
False
Is 18 a factor of 1717311777?
False
Is 9114145 a multiple of 656?
False
Is 193362080 a multiple of 136?
True
Does 14 divide 1680449845?
False
Is 19017936 a multiple of 304?
True
Is 72311040 a multiple of 288?
True
Is 665 a factor of 1800681744?
False
Does 6 divide 14686564?
False
Is 1156066392 a multiple of 24?
True
Is 14 a factor of 50484434?
True
Does 79 divide 430465931?
False
Is 310 a factor of 82607268?
False
Does 20 divide 537084180?
True
Is 66 a factor of 22487718?
True
Is 10 a factor of 99752043?
False
Is 2526 a factor of 1427942748?
True
Does 3 divide 32486912?
False
Is 5 a factor of 9875583?
False
Is 622 a factor of 205164480?
False
Is 61 a factor of 7220021?
True
Is 14 a factor of 53155466?
True
Is 35 a factor of 279821069?
False
Is 21681072 a multiple of 411?
True
Is 341 a factor of 10917347?
False
Is 55 a factor of 147551456?
False
Does 3 divide 4060779?
True
Does 111 divide 21867593?
False
Is 24 a factor of 51803896?
False
Is 21 a factor of 204729786?
False
Is 3443 a factor of 373145454?
True
Is 2756 a factor of 1913521116?
True
Does 148 divide 4796999?
False
Is 2308 a factor of 47101664?
True
Is 166 a factor of 41369473?
False
Is 40 a factor of 37924432?
False
Is 35 a factor of 442901690?
True
Is 368803113 a multiple of 83?
True
Does 6 divide 144283876?
False
Is 63184902 a multiple of 57?
False
Is 252070392 a multiple of 14?
True
Does 103 divide 75485610?
True
Does 268 divide 84403145?
False
Is 2 a factor of 65922832?
True
Is 217 a factor of 30083682?
False
Is 46457346 a multiple of 167?
False
Is 48936608 a multiple of 68?
True
Is 42824117 a multiple of 22?
False
Is 93 a factor of 7134681?
True
Is 1164215 a multiple of 5?
True
Is 15499456 a multiple of 56?
True
Is 1782 a factor of 83658586?
False
Is 2592 a factor of 136306132?
False
Is 75027039 a multiple of 26?
False
Does 1205 divide 52387463?
False
Does 195 divide 288879240?
True
Is 52 a factor of 13912912?
True
Does 1003 divide 826920341?
True
Does 15 divide 4265340?
True
Does 2516 divide 97518961?
False
Is 2281542604 a multiple of 121?
True
Does 43 divide 46049975?
False
Does 8 divide 2842059256?
True
Does 12 divide 757484280?
True
Does 1197 divide 104811714?
True
Is 11 a factor of 1222441913?
True
Is 14 a factor of 26940830?
True
Does 51 divide 515529165?
True
Is 10 a factor of 31950929?
False
Does 34 divide 478350624?
True
Is 5873 a fact